{"id":93,"date":"2024-01-19T14:37:57","date_gmt":"2024-01-19T13:37:57","guid":{"rendered":"https:\/\/dog-father.de\/?page_id=93"},"modified":"2024-09-03T21:50:50","modified_gmt":"2024-09-03T19:50:50","slug":"startseite","status":"publish","type":"page","link":"https:\/\/dog-father.de\/","title":{"rendered":"Landing Page"},"content":{"rendered":"<p>[et_pb_section fb_built=&#8220;1&#8243; _builder_version=&#8220;4.23.4&#8243; _module_preset=&#8220;default&#8220; background_color=&#8220;#E09900&#8243; global_colors_info=&#8220;{}&#8220;][et_pb_row _builder_version=&#8220;4.23.4&#8243; _module_preset=&#8220;default&#8220; global_colors_info=&#8220;{}&#8220;][et_pb_column type=&#8220;4_4&#8243; _builder_version=&#8220;4.23.4&#8243; _module_preset=&#8220;default&#8220; global_colors_info=&#8220;{}&#8220;][et_pb_text _builder_version=&#8220;4.23.4&#8243; _module_preset=&#8220;default&#8220; background_color=&#8220;#FFFFFF&#8220; animation_style=&#8220;slide&#8220; border_radii=&#8220;on|21px|21px|21px|21px&#8220; border_width_all=&#8220;13px&#8220; global_colors_info=&#8220;{}&#8220;]<\/p>\n<h1>Hallo liebe Tierfreunde,<\/h1>\n<h1>dog-father.de ist Teil meiner Ausbildung und dient aktuell nur zu Lernzwecken. In K\u00fcrze werde ich euch jedoch einen Online-Shop f\u00fcr Hundezubeh\u00f6r zur Verf\u00fcgung stellen. Um mich ideal auf eure W\u00fcnsche und die Bed\u00fcrfnisse eurer Vierbeiner einstellen zu k\u00f6nnen, w\u00e4re ich euch sehr dankbar, wenn ihr an meiner Umfrage teilnehmen w\u00fcrdet.<\/h1>\n<p>[\/et_pb_text][et_pb_button button_url=&#8220;https:\/\/dog-father.de\/umfrage\/&#8220; button_text=&#8220;Zur Umfrage&#8220; button_alignment=&#8220;center&#8220; _builder_version=&#8220;4.23.4&#8243; _module_preset=&#8220;default&#8220; custom_button=&#8220;on&#8220; button_text_size=&#8220;52px&#8220; button_text_color=&#8220;#E02B20&#8243; button_border_color=&#8220;#000000&#8243; button_border_radius=&#8220;47px&#8220; button_letter_spacing=&#8220;14px&#8220; button_font=&#8220;Lato|900|||||||&#8220; button_icon=&#8220;&#x45;||divi||400&#8243; button_text_shadow_style=&#8220;preset4&#8243; global_colors_info=&#8220;{}&#8220;][\/et_pb_button][\/et_pb_column][\/et_pb_row][\/et_pb_section][et_pb_section fb_built=&#8220;1&#8243; _builder_version=&#8220;4.23.4&#8243; _module_preset=&#8220;default&#8220; global_colors_info=&#8220;{}&#8220;][et_pb_row column_structure=&#8220;1_2,1_2&#8243; _builder_version=&#8220;4.23.4&#8243; _module_preset=&#8220;default&#8220; global_colors_info=&#8220;{}&#8220;][et_pb_column type=&#8220;1_2&#8243; _builder_version=&#8220;4.23.4&#8243; _module_preset=&#8220;default&#8220; global_colors_info=&#8220;{}&#8220;][et_pb_text _builder_version=&#8220;4.23.4&#8243; _module_preset=&#8220;default&#8220; global_colors_info=&#8220;{}&#8220;]<\/p>\n<h2><strong>Saisonartikel &#8211; Bald verf\u00fcgbar<\/strong><\/h2>\n<h2>Bei Dog-Father.de liegt unser Fokus auf innovativer, beheizter Tierkleidung, die ultimativen Komfort und Schutz bei kaltem Wetter bietet. Unsere strapazierf\u00e4higen, wasserabweisenden Produkte sorgen f\u00fcr langanhaltende W\u00e4rme und Schutz vor Wind und Regen.<\/h2>\n<h2>Wir befinden uns derzeit in der Forschungsphase, um sicherzustellen, dass unsere beheizten Hundedecken und -m\u00e4ntel den h\u00f6chsten Standards entsprechen. Bleiben Sie gespannt \u2013 unsere fortschrittlichen Saisonartikel sind bald verf\u00fcgbar und werden Ihrem Haustier den Komfort und die W\u00e4rme bieten, die es verdient.<\/h2>\n<p>[\/et_pb_text][\/et_pb_column][et_pb_column type=&#8220;1_2&#8243; _builder_version=&#8220;4.23.4&#8243; _module_preset=&#8220;default&#8220; global_colors_info=&#8220;{}&#8220;][et_pb_image src=&#8220;https:\/\/dog-father.de\/wp-content\/uploads\/2024\/07\/mits-BSP.png&#8220; title_text=&#8220;mits BSP&#8220; _builder_version=&#8220;4.23.4&#8243; _module_preset=&#8220;default&#8220; global_colors_info=&#8220;{}&#8220;][\/et_pb_image][\/et_pb_column][\/et_pb_row][\/et_pb_section][et_pb_section fb_built=&#8220;1&#8243; _builder_version=&#8220;4.23.4&#8243; _module_preset=&#8220;default&#8220; custom_padding=&#8220;||0px|||&#8220; global_colors_info=&#8220;{}&#8220;][et_pb_row column_structure=&#8220;2_5,3_5&#8243; _builder_version=&#8220;4.23.4&#8243; _module_preset=&#8220;default&#8220; global_colors_info=&#8220;{}&#8220;][et_pb_column type=&#8220;2_5&#8243; _builder_version=&#8220;4.23.4&#8243; _module_preset=&#8220;default&#8220; global_colors_info=&#8220;{}&#8220;][et_pb_image src=&#8220;https:\/\/dog-father.de\/wp-content\/uploads\/2024\/07\/main-image-1.jpeg&#8220; title_text=&#8220;main-image-1&#8243; _builder_version=&#8220;4.23.4&#8243; _module_preset=&#8220;default&#8220; custom_margin=&#8220;||-48px|||&#8220; global_colors_info=&#8220;{}&#8220;][\/et_pb_image][\/et_pb_column][et_pb_column type=&#8220;3_5&#8243; _builder_version=&#8220;4.23.4&#8243; _module_preset=&#8220;default&#8220; global_colors_info=&#8220;{}&#8220;][et_pb_text _builder_version=&#8220;4.23.4&#8243; _module_preset=&#8220;default&#8220; min_height=&#8220;352.4px&#8220; custom_margin=&#8220;||277px|||&#8220; custom_padding=&#8220;||51px|||&#8220; global_colors_info=&#8220;{}&#8220;]<\/p>\n<h2><strong><\/strong><\/h2>\n<h2><strong><\/strong><\/h2>\n<h2><strong><\/strong><\/h2>\n<h2><strong><\/strong><\/h2>\n<h2 style=\"text-align: center;\"><strong>K\u00fchldecke\u00a0 \u00a0\u201eEisFlair\u201c<\/strong><\/h2>\n<p><strong><\/strong><\/p>\n<h2><\/h2>\n<h2><\/h2>\n<h2><\/h2>\n<h2>Bieten Sie Ihrem Haustier an hei\u00dfen Sommertagen eine erfrischende Abk\u00fchlung mit der K\u00fchlmatte \u201eEisFlair\u201c. Diese innovative Matte sorgt f\u00fcr sofortige Entspannung und Komfort dank ihres selbstk\u00fchlenden Effekts. Ideal f\u00fcr den Schutz vor \u00dcberhitzung, selbst an den w\u00e4rmsten Tagen, und f\u00fcr den Einsatz \u00fcberall und jederzeit.<\/h2>\n<p>[\/et_pb_text][\/et_pb_column][\/et_pb_row][\/et_pb_section][et_pb_section fb_built=&#8220;1&#8243; _builder_version=&#8220;4.23.4&#8243; _module_preset=&#8220;default&#8220; background_color=&#8220;#E09900&#8243; custom_margin=&#8220;-258px|||||&#8220; global_colors_info=&#8220;{}&#8220;][et_pb_row _builder_version=&#8220;4.23.4&#8243; _module_preset=&#8220;default&#8220; global_colors_info=&#8220;{}&#8220;][et_pb_column type=&#8220;4_4&#8243; _builder_version=&#8220;4.23.4&#8243; _module_preset=&#8220;default&#8220; global_colors_info=&#8220;{}&#8220;][et_pb_image src=&#8220;https:\/\/dog-father.de\/wp-content\/uploads\/2024\/06\/Screenshot-2023-12-20-223837.png&#8220; title_text=&#8220;Screenshot 2023-12-20 223837&#8243; _builder_version=&#8220;4.23.4&#8243; _module_preset=&#8220;default&#8220; global_colors_info=&#8220;{}&#8220;][\/et_pb_image][\/et_pb_column][\/et_pb_row][et_pb_row column_structure=&#8220;1_3,1_3,1_3&#8243; _builder_version=&#8220;4.23.4&#8243; _module_preset=&#8220;default&#8220; link_option_url=&#8220;%91ninja_form id=&#8217;3&#8217;%93&#8243; global_colors_info=&#8220;{}&#8220;][et_pb_column type=&#8220;1_3&#8243; _builder_version=&#8220;4.23.4&#8243; _module_preset=&#8220;default&#8220; global_colors_info=&#8220;{}&#8220;][et_pb_image src=&#8220;https:\/\/dog-father.de\/wp-content\/uploads\/2024\/07\/1_070e0401-e0cd-4af2-912a-19e0b03740fc.png&#8220; title_text=&#8220;1_070e0401-e0cd-4af2-912a-19e0b03740fc&#8220; url=&#8220;https:\/\/dog-father.de\/?product=ultimatives-3-in-1-gassi-tool-wasserspender-futterbehaelter-kotbeutelspender&#8220; _builder_version=&#8220;4.27.0&#8243; _module_preset=&#8220;default&#8220; hover_enabled=&#8220;0&#8243; global_colors_info=&#8220;{}&#8220; sticky_enabled=&#8220;0&#8243;][\/et_pb_image][et_pb_text _builder_version=&#8220;4.23.4&#8243; _module_preset=&#8220;default&#8220; global_colors_info=&#8220;{}&#8220;]<\/p>\n<h1><strong>Ultimatives 3 in 1 Gassi &#8211; Tool<\/strong><\/h1>\n<h2><strong>29.99\u00a0 \u20ac<\/strong><\/h2>\n<p>[\/et_pb_text][\/et_pb_column][et_pb_column type=&#8220;1_3&#8243; _builder_version=&#8220;4.23.4&#8243; _module_preset=&#8220;default&#8220; global_colors_info=&#8220;{}&#8220;][et_pb_image src=&#8220;https:\/\/dog-father.de\/wp-content\/uploads\/2024\/06\/brunnen.webp&#8220; title_text=&#8220;brunnen&#8220; _builder_version=&#8220;4.23.4&#8243; _module_preset=&#8220;default&#8220; global_colors_info=&#8220;{}&#8220;][\/et_pb_image][et_pb_text _builder_version=&#8220;4.23.4&#8243; _module_preset=&#8220;default&#8220; global_colors_info=&#8220;{}&#8220;]<\/p>\n<h1><strong>Trinkbrunnen<\/strong><\/h1>\n<h2><strong><span style=\"text-decoration: line-through;\">89.99 \u20ac<\/span>\u00a0 \u00a0 79.99 \u20ac<\/strong><\/h2>\n<p>[\/et_pb_text][\/et_pb_column][et_pb_column type=&#8220;1_3&#8243; _builder_version=&#8220;4.23.4&#8243; _module_preset=&#8220;default&#8220; global_colors_info=&#8220;{}&#8220;][et_pb_image src=&#8220;https:\/\/dog-father.de\/wp-content\/uploads\/2024\/07\/Krallenschneidematte.webp&#8220; title_text=&#8220;Krallenschneidematte&#8220; _builder_version=&#8220;4.23.4&#8243; _module_preset=&#8220;default&#8220; global_colors_info=&#8220;{}&#8220;][\/et_pb_image][et_pb_text _builder_version=&#8220;4.23.4&#8243; _module_preset=&#8220;default&#8220; global_colors_info=&#8220;{}&#8220;]<\/p>\n<h1><strong>Krallenschneideh\u00e4ngematte<\/strong><\/h1>\n<h2 style=\"text-align: center;\"><strong>29.99 \u20ac<\/strong><\/h2>\n<p>[\/et_pb_text][\/et_pb_column][\/et_pb_row][\/et_pb_section][et_pb_section fb_built=&#8220;1&#8243; _builder_version=&#8220;4.23.4&#8243; _module_preset=&#8220;default&#8220; global_colors_info=&#8220;{}&#8220;][et_pb_row column_structure=&#8220;1_2,1_2&#8243; _builder_version=&#8220;4.23.4&#8243; _module_preset=&#8220;default&#8220; background_image=&#8220;https:\/\/dog-father.de\/wp-content\/uploads\/2024\/06\/White-and-Blue-Bold-Type-and-Grunge-Animals-GoFundMe-Story-Image.png&#8220; width=&#8220;100%&#8220; max_width=&#8220;1665px&#8220; min_height=&#8220;670px&#8220; height=&#8220;1000px&#8220; max_height=&#8220;1000px&#8220; custom_margin=&#8220;137px|auto||auto||&#8220; custom_padding=&#8220;|0px||||&#8220; global_colors_info=&#8220;{}&#8220;][et_pb_column type=&#8220;1_2&#8243; _builder_version=&#8220;4.23.4&#8243; _module_preset=&#8220;default&#8220; global_colors_info=&#8220;{}&#8220;][\/et_pb_column][et_pb_column type=&#8220;1_2&#8243; _builder_version=&#8220;4.23.4&#8243; _module_preset=&#8220;default&#8220; global_colors_info=&#8220;{}&#8220;][\/et_pb_column][\/et_pb_row][\/et_pb_section][et_pb_section fb_built=&#8220;1&#8243; _builder_version=&#8220;4.23.4&#8243; _module_preset=&#8220;default&#8220; global_colors_info=&#8220;{}&#8220;][et_pb_row column_structure=&#8220;1_2,1_2&#8243; _builder_version=&#8220;4.23.4&#8243; _module_preset=&#8220;default&#8220; global_colors_info=&#8220;{}&#8220;][et_pb_column type=&#8220;1_2&#8243; _builder_version=&#8220;4.23.4&#8243; _module_preset=&#8220;default&#8220; global_colors_info=&#8220;{}&#8220;][et_pb_image src=&#8220;https:\/\/dog-father.de\/wp-content\/uploads\/2024\/07\/liaschneenase.jpg&#8220; title_text=&#8220;liaschneenase&#8220; url=&#8220;https:\/\/seu2.cleverreach.com\/f\/383545-392273\/&#8220; _builder_version=&#8220;4.23.4&#8243; _module_preset=&#8220;default&#8220; global_colors_info=&#8220;{}&#8220;][\/et_pb_image][\/et_pb_column][et_pb_column type=&#8220;1_2&#8243; _builder_version=&#8220;4.23.4&#8243; _module_preset=&#8220;default&#8220; global_colors_info=&#8220;{}&#8220;][et_pb_text _builder_version=&#8220;4.23.4&#8243; _module_preset=&#8220;default&#8220; global_colors_info=&#8220;{}&#8220;]<\/p>\n<h1><\/h1>\n<h1><\/h1>\n<h1><\/h1>\n<h1><\/h1>\n<h1><\/h1>\n<h1><\/h1>\n<h1><\/h1>\n<h1><\/h1>\n<h1><span style=\"color: #e02b20;\">&lt;&#8212;&#8212;&#8212;\u00a0<\/span> <span style=\"color: #ff0000;\">hier dr\u00fccken<\/span><\/h1>\n<p>&nbsp;<\/p>\n<h1>Melde dich f\u00fcr unseren Dog-Father-Newsletter an und erhalte exklusive Angebote und Tipps<\/h1>\n<p>[\/et_pb_text][et_pb_code _builder_version=&#8220;4.23.4&#8243; _module_preset=&#8220;default&#8220; global_colors_info=&#8220;{}&#8220;]Melde dich f\u00fcr unseren Dog-Father-Newsletter an und erhalte exklusive Angebote und Tipps[\/et_pb_code][\/et_pb_column][\/et_pb_row][\/et_pb_section][et_pb_section fb_built=&#8220;1&#8243; fullwidth=&#8220;on&#8220; _builder_version=&#8220;4.23.4&#8243; _module_preset=&#8220;default&#8220; background_image=&#8220;https:\/\/dog-father.de\/wp-content\/uploads\/2024\/01\/23498127_1345243922268838_1255033467305984000_n.jpg&#8220; min_height=&#8220;288px&#8220; custom_padding=&#8220;666px||384px|||&#8220; global_colors_info=&#8220;{}&#8220;][\/et_pb_section][et_pb_section fb_built=&#8220;1&#8243; admin_label=&#8220;Bewertungen &#8220; _builder_version=&#8220;4.23.4&#8243; _module_preset=&#8220;default&#8220; custom_padding=&#8220;157px||110px|||&#8220; global_colors_info=&#8220;{}&#8220;][et_pb_row _builder_version=&#8220;4.23.4&#8243; _module_preset=&#8220;default&#8220; global_colors_info=&#8220;{}&#8220;][et_pb_column type=&#8220;4_4&#8243; _builder_version=&#8220;4.23.4&#8243; _module_preset=&#8220;default&#8220; global_colors_info=&#8220;{}&#8220;][et_pb_text _builder_version=&#8220;4.23.4&#8243; _module_preset=&#8220;default&#8220; header_2_text_align=&#8220;center&#8220; global_colors_info=&#8220;{}&#8220;]<\/p>\n<h2>Bewertungen unserer Kunden\u00a0<\/h2>\n<p>[\/et_pb_text][\/et_pb_column][\/et_pb_row][et_pb_row column_structure=&#8220;1_3,1_3,1_3&#8243; _builder_version=&#8220;4.23.4&#8243; _module_preset=&#8220;default&#8220; global_colors_info=&#8220;{}&#8220;][et_pb_column type=&#8220;1_3&#8243; _builder_version=&#8220;4.23.4&#8243; _module_preset=&#8220;default&#8220; global_colors_info=&#8220;{}&#8220;][et_pb_image src=&#8220;https:\/\/dog-father.de\/wp-content\/uploads\/2024\/06\/kommentar-1.jpg&#8220; title_text=&#8220;kommentar 1&#8243; _builder_version=&#8220;4.23.4&#8243; _module_preset=&#8220;default&#8220; global_colors_info=&#8220;{}&#8220;][\/et_pb_image][\/et_pb_column][et_pb_column type=&#8220;1_3&#8243; _builder_version=&#8220;4.23.4&#8243; _module_preset=&#8220;default&#8220; global_colors_info=&#8220;{}&#8220;][et_pb_image src=&#8220;https:\/\/dog-father.de\/wp-content\/uploads\/2024\/06\/kommentar-2.jpg&#8220; title_text=&#8220;kommentar 2&#8243; _builder_version=&#8220;4.23.4&#8243; _module_preset=&#8220;default&#8220; global_colors_info=&#8220;{}&#8220;][\/et_pb_image][\/et_pb_column][et_pb_column type=&#8220;1_3&#8243; _builder_version=&#8220;4.23.4&#8243; _module_preset=&#8220;default&#8220; global_colors_info=&#8220;{}&#8220;][et_pb_image src=&#8220;https:\/\/dog-father.de\/wp-content\/uploads\/2024\/06\/kommentar-3.jpg&#8220; title_text=&#8220;kommentar 3&#8243; _builder_version=&#8220;4.23.4&#8243; _module_preset=&#8220;default&#8220; global_colors_info=&#8220;{}&#8220;][\/et_pb_image][\/et_pb_column][\/et_pb_row][\/et_pb_section][et_pb_section fb_built=&#8220;1&#8243; _builder_version=&#8220;4.23.4&#8243; _module_preset=&#8220;default&#8220; global_colors_info=&#8220;{}&#8220;][et_pb_row _builder_version=&#8220;4.23.4&#8243; _module_preset=&#8220;default&#8220; global_colors_info=&#8220;{}&#8220;][et_pb_column type=&#8220;4_4&#8243; _builder_version=&#8220;4.23.4&#8243; _module_preset=&#8220;default&#8220; global_colors_info=&#8220;{}&#8220;][et_pb_video src=&#8220;https:\/\/dog-father.de\/wp-content\/uploads\/2024\/07\/1.mp4&#8243; _builder_version=&#8220;4.23.4&#8243; _module_preset=&#8220;default&#8220; global_colors_info=&#8220;{}&#8220;][\/et_pb_video][\/et_pb_column][\/et_pb_row][\/et_pb_section]<\/p>\n","protected":false},"excerpt":{"rendered":"<p>Hallo liebe Tierfreunde, dog-father.de ist Teil meiner Ausbildung und dient aktuell nur zu Lernzwecken. In K\u00fcrze werde ich euch jedoch einen Online-Shop f\u00fcr Hundezubeh\u00f6r zur Verf\u00fcgung stellen. Um mich ideal auf eure W\u00fcnsche und die Bed\u00fcrfnisse eurer Vierbeiner einstellen zu k\u00f6nnen, w\u00e4re ich euch sehr dankbar, wenn ihr an meiner Umfrage teilnehmen w\u00fcrdet.Saisonartikel &#8211; Bald [&hellip;]<\/p>\n","protected":false},"author":1,"featured_media":0,"parent":0,"menu_order":0,"comment_status":"closed","ping_status":"closed","template":"","meta":{"_et_pb_use_builder":"on","_et_pb_old_content":"","_et_gb_content_width":"","content-type":"","footnotes":""},"class_list":["post-93","page","type-page","status-publish","hentry"],"yoast_head":"<!-- This site is optimized with the Yoast SEO plugin v23.4 - https:\/\/yoast.com\/wordpress\/plugins\/seo\/ -->\n<title>100% gl\u00fccklicher Hund-dog-father<\/title>\n<meta name=\"description\" content=\"Entdecken Sie modische und beheizte Hundekleidung. Jetzt shoppen und stilvoll durch jede Jahreszeit\" \/>\n<meta name=\"robots\" content=\"index, follow, max-snippet:-1, max-image-preview:large, max-video-preview:-1\" \/>\n<link rel=\"canonical\" href=\"https:\/\/dog-father.de\/\" \/>\n<meta property=\"og:locale\" content=\"de_DE\" \/>\n<meta property=\"og:type\" content=\"article\" \/>\n<meta property=\"og:title\" content=\"100% gl\u00fccklicher Hund-dog-father\" \/>\n<meta property=\"og:description\" content=\"Entdecken Sie modische und beheizte Hundekleidung. Jetzt shoppen und stilvoll durch jede Jahreszeit\" \/>\n<meta property=\"og:url\" content=\"https:\/\/dog-father.de\/\" \/>\n<meta property=\"og:site_name\" content=\"dog-father.de\" \/>\n<meta property=\"article:modified_time\" content=\"2024-09-03T19:50:50+00:00\" \/>\n<meta name=\"twitter:card\" content=\"summary_large_image\" \/>\n<meta name=\"twitter:label1\" content=\"Gesch\u00e4tzte Lesezeit\" \/>\n\t<meta name=\"twitter:data1\" content=\"1\u00a0Minute\" \/>\n<script type=\"application\/ld+json\" class=\"yoast-schema-graph\">{\"@context\":\"https:\/\/schema.org\",\"@graph\":[{\"@type\":\"WebPage\",\"@id\":\"https:\/\/dog-father.de\/\",\"url\":\"https:\/\/dog-father.de\/\",\"name\":\"100% gl\u00fccklicher Hund-dog-father\",\"isPartOf\":{\"@id\":\"https:\/\/dog-father.de\/#website\"},\"datePublished\":\"2024-01-19T13:37:57+00:00\",\"dateModified\":\"2024-09-03T19:50:50+00:00\",\"description\":\"Entdecken Sie modische und beheizte Hundekleidung. Jetzt shoppen und stilvoll durch jede Jahreszeit\",\"breadcrumb\":{\"@id\":\"https:\/\/dog-father.de\/#breadcrumb\"},\"inLanguage\":\"de\",\"potentialAction\":[{\"@type\":\"ReadAction\",\"target\":[\"https:\/\/dog-father.de\/\"]}]},{\"@type\":\"BreadcrumbList\",\"@id\":\"https:\/\/dog-father.de\/#breadcrumb\",\"itemListElement\":[{\"@type\":\"ListItem\",\"position\":1,\"name\":\"Startseite\",\"item\":\"https:\/\/dog-father.de\/\"},{\"@type\":\"ListItem\",\"position\":2,\"name\":\"Landing Page\"}]},{\"@type\":\"WebSite\",\"@id\":\"https:\/\/dog-father.de\/#website\",\"url\":\"https:\/\/dog-father.de\/\",\"name\":\"dog-father.de\",\"description\":\"All about the Dog\",\"potentialAction\":[{\"@type\":\"SearchAction\",\"target\":{\"@type\":\"EntryPoint\",\"urlTemplate\":\"https:\/\/dog-father.de\/?s={search_term_string}\"},\"query-input\":{\"@type\":\"PropertyValueSpecification\",\"valueRequired\":true,\"valueName\":\"search_term_string\"}}],\"inLanguage\":\"de\"}]}<\/script>\n<!-- \/ Yoast SEO plugin. -->","yoast_head_json":{"title":"100% gl\u00fccklicher Hund-dog-father","description":"Entdecken Sie modische und beheizte Hundekleidung. Jetzt shoppen und stilvoll durch jede Jahreszeit","robots":{"index":"index","follow":"follow","max-snippet":"max-snippet:-1","max-image-preview":"max-image-preview:large","max-video-preview":"max-video-preview:-1"},"canonical":"https:\/\/dog-father.de\/","og_locale":"de_DE","og_type":"article","og_title":"100% gl\u00fccklicher Hund-dog-father","og_description":"Entdecken Sie modische und beheizte Hundekleidung. Jetzt shoppen und stilvoll durch jede Jahreszeit","og_url":"https:\/\/dog-father.de\/","og_site_name":"dog-father.de","article_modified_time":"2024-09-03T19:50:50+00:00","twitter_card":"summary_large_image","twitter_misc":{"Gesch\u00e4tzte Lesezeit":"1\u00a0Minute"},"schema":{"@context":"https:\/\/schema.org","@graph":[{"@type":"WebPage","@id":"https:\/\/dog-father.de\/","url":"https:\/\/dog-father.de\/","name":"100% gl\u00fccklicher Hund-dog-father","isPartOf":{"@id":"https:\/\/dog-father.de\/#website"},"datePublished":"2024-01-19T13:37:57+00:00","dateModified":"2024-09-03T19:50:50+00:00","description":"Entdecken Sie modische und beheizte Hundekleidung. Jetzt shoppen und stilvoll durch jede Jahreszeit","breadcrumb":{"@id":"https:\/\/dog-father.de\/#breadcrumb"},"inLanguage":"de","potentialAction":[{"@type":"ReadAction","target":["https:\/\/dog-father.de\/"]}]},{"@type":"BreadcrumbList","@id":"https:\/\/dog-father.de\/#breadcrumb","itemListElement":[{"@type":"ListItem","position":1,"name":"Startseite","item":"https:\/\/dog-father.de\/"},{"@type":"ListItem","position":2,"name":"Landing Page"}]},{"@type":"WebSite","@id":"https:\/\/dog-father.de\/#website","url":"https:\/\/dog-father.de\/","name":"dog-father.de","description":"All about the Dog","potentialAction":[{"@type":"SearchAction","target":{"@type":"EntryPoint","urlTemplate":"https:\/\/dog-father.de\/?s={search_term_string}"},"query-input":{"@type":"PropertyValueSpecification","valueRequired":true,"valueName":"search_term_string"}}],"inLanguage":"de"}]}},"jetpack_sharing_enabled":true,"_links":{"self":[{"href":"https:\/\/dog-father.de\/index.php?rest_route=\/wp\/v2\/pages\/93","targetHints":{"allow":["GET"]}}],"collection":[{"href":"https:\/\/dog-father.de\/index.php?rest_route=\/wp\/v2\/pages"}],"about":[{"href":"https:\/\/dog-father.de\/index.php?rest_route=\/wp\/v2\/types\/page"}],"author":[{"embeddable":true,"href":"https:\/\/dog-father.de\/index.php?rest_route=\/wp\/v2\/users\/1"}],"replies":[{"embeddable":true,"href":"https:\/\/dog-father.de\/index.php?rest_route=%2Fwp%2Fv2%2Fcomments&post=93"}],"version-history":[{"count":10,"href":"https:\/\/dog-father.de\/index.php?rest_route=\/wp\/v2\/pages\/93\/revisions"}],"predecessor-version":[{"id":469,"href":"https:\/\/dog-father.de\/index.php?rest_route=\/wp\/v2\/pages\/93\/revisions\/469"}],"wp:attachment":[{"href":"https:\/\/dog-father.de\/index.php?rest_route=%2Fwp%2Fv2%2Fmedia&parent=93"}],"curies":[{"name":"wp","href":"https:\/\/api.w.org\/{rel}","templated":true}]}}